?
225
Calculate the remainder when 39468 is divided by 49.
23
Calculate the remainder when 122749 is divided by 24549.
4
What is the remainder when 30854 is divided by 15?
14
What is the remainder when 3166 is divided by 230?
176
What is the remainder when 562651 is divided by 187550?
1
What is the remainder when 6712 is divided by 3349?
14
Calculate the remainder when 75325 is divided by 6277.
1
What is the remainder when 2646 is divided by 119?
28
What is the remainder when 184164 is divided by 25?
14
Calculate the remainder when 112815 is divided by 249.
18
Calculate the remainder when 2446 is divided by 115.
31
Calculate the remainder when 14480 is divided by 13972.
508
Calculate the remainder when 1044 is divided by 150.
144
What is the remainder when 286112 is divided by 29?
27
What is the remainder when 6512 is divided by 6495?
17
Calculate the remainder when 9739 is divided by 82.
63
Calculate the remainder when 1992 is divided by 654.
30
Calculate the remainder when 3676 is divided by 214.
38
Calculate the remainder when 11406 is divided by 28.
10
What is the remainder when 1155452 is divided by 32?
28
Calculate the remainder when 911869 is divided by 9.
7
What is the remainder when 223425 is divided by 673?
662
What is the remainder when 9626 is divided by 107?
103
What is the remainder when 13339 is divided by 476?
11
What is the remainder when 241139 is divided by 204?
11
What is the remainder when 1720 is divided by 42?
40
Calculate the remainder when 652 is divided by 189.
85
What is the remainder when 23314 is divided by 3704?
1090
What is the remainder when 426521 is divided by 363?
359
What is the remainder when 2677 is divided by 23?
9
What is the remainder when 584112 is divided by 680?
672
Calculate the remainder when 4619 is divided by 338.
225
Calculate the remainder when 310617 is divided by 465.
462
Calculate the remainder when 2840 is divided by 54.
32
What is the remainder when 69074 is divided by 735?
719
What is the remainder when 98352 is divided by 79?
76
Calculate the remainder when 47820 is divided by 47814.
6
What is the remainder when 132737 is divided by 78?
59
Calculate the remainder when 10028548 is divided by 25.
23
Calculate the remainder when 56592 is divided by 18861.
9
Calculate the remainder when 242857 is divided by 10119.
1
What is the remainder when 10990 is divided by 2196?
10
Calculate the remainder when 6985 is divided by 6974.
11
Calculate the remainder when 3283 is divided by 1640.
3
What is the remainder when 60587 is divided by 415?
412
Calculate the remainder when 854394 is divided by 427196.
2
Calculate the remainder when 9027 is divided by 323.
306
Calculate the remainder when 3879 is divided by 391.
360
Calculate the remainder when 515934 is divided by 257957.
20
Calculate the remainder when 39504 is divided by 6562.
132
What is the remainder when 6536 is divided by 12?
8
What is the remainder when 762839 is divided by 6?
5
Calculate the remainder when 2533 is divided by 93.
22
Calculate the remainder when 124228 is divided by 603.
10
What is the remainder when 9344 is divided by 826?
258
Calculate the remainder when 341 is divided by 85.
1
What is the remainder when 658278 is divided by 57?
42
What is the remainder when 11949 is divided by 28?
21
Calculate the remainder when 21206 is divided by 32.
22
What is the remainder when 37668 is divided by 88?
4
What is the remainder when 265123 is divided by 26?
1
Calculate the remainder when 28522 is divided by 1501.
3
Calculate the remainder when 967 is divided by 703.
264
Calculate the remainder when 3970 is divided by 1295.
85
What is the remainder when 14233 is divided by 675?
58
Calculate the remainder when 1863097 is divided by 17.
16
What is the remainder when 218226 is divided by 111?
0
What is the remainder when 80954 is divided by 66?
38
Calculate the remainder when 5407 is divided by 1284.
271
Calculate the remainder when 6157 is divided by 766.
29
Calculate the remainder when 216132 is divided by 352.
4
Calculate the remainder when 8505 is divided by 42.
21
Calculate the remainder when 67282 is divided by 9608.
26
What is the remainder when 61349 is divided by 398?
57
Calculate the remainder when 372 is divided by 367.
5
Calculate the remainder when 376805 is divided by 162.
155
What is the remainder when 12137 is divided by 33?
26
What is the remainder when 13460 is divided by 163?
94
What is the remainder when 1872 is divided by 819?
234
Calculate the remainder when 4587 is divided by 436.
227
Calculate the remainder when 3114 is divided by 114.
36
What is the remainder when 2318 is divided by 223?
88
Calculate the remainder when 1085418 is divided by 47.
0
What is the remainder when 4172 is divided by 18?
14
Calculate the remainder when 6675 is divided by 6668.
7
Calculate the remainder when 83781 is divided by 900.
81
Calculate the remainder when 51273 is divided by 86.
17
Calculate the remainder when 99552 is divided by 39.
24
What is the remainder when 24899 is divided by 3100?
99
What is the remainder when 30965 is divided by 10264?
173
What is the remainder when 797436 is divided by 712?
708
What is the remainder when 236518 is divided by 15?
13
Calculate the remainder when 22179 is divided by 11066.
47
What is the remainder when 6846 is divided by 37?
1
What is the remainder when 11937 is divided by 543?
534
What is the remainder when 12531 is divided by 2504?
11
Calculate the remainder when 10754 is divided by 41.
12
What is the remainder when 86121 is divided by 17215?
46
What is the remainder when 105853 is divided by 479?
473
What is the remainder when 220099 is divided by 331?
315
Calculate the remainder when 686879 is divided by 115.
99
What is the remainder when 2802 is divided by 177?
147
Calculate the remainder when 11376 is divided by 613.
342
What is the remainder when 2393 is divided by 120?
113
What is the remainder when 625875 is divided by 49?
47
What is the remainder when 15803 is divided by 3132?
143
Calculate the remainder when 69309 is divided by 244.
13
Calculate the remainder when 49251 is divided by 8.
3
Calculate the remainder when 28231 is divided by 59.
29
What is the remainder when 112249 is divided by 108?
37
Calculate the remainder when 9659 is divided by 1598.
71
What is the remainder when 12305 is divided by 76?
69
Calculate the remainder when 11531 is divided by 148.
135
What is the remainder when 7008 is divided by 310?
188
Calculate the remainder when 26004 is divided by 8.
4
What is the remainder when 28275 is divided by 1884?
15
Calculate the remainder when 2130 is divided by 2084.
46
Calculate the remainder when 679 is divided by 199.
82
What is the remainder when 12396 is divided by 596?
476
Calculate the remainder when 212055 is divided by 6425.
30
Calculate the remainder when 13352 is divided by 6670.
12
What is the remainder when 3192 is divided by 556?
412
What is the remainder when 8220 is divided by 1533?
555
Calculate the remainder when 442 is divided by 219.
4
What is the remainder when 334 is divided by 279?
55
What is the remainder when 65984 is divided by 16473?
92
Calculate the remainder when 20812 is divided by 142.
80
Calculate the remainder when 74023 is divided by 423.
421
What is the remainder when 1037959 is divided by 479?
445
Calculate the remainder when 882028 is divided by 869.
862
What is the remainder when 51932 is divided by 85?
82
What is the remainder when 44298 is divided by 11061?
54
Calculate the remainder when 2394 is divided by 1000.
394
Calculate the remainder when 65675 is divided by 1.
0
What is the remainder when 13838 is divided by 3?
2
Calculate the remainder when 135379 is divided by 20.
19
What is the remainder when 20877 is divided by 282?
9
What is the remainder when 27501 is divided by 982?
5
Calculate the remainder when 7273 is divided by 2163.
784
Calculate the remainder when 321 is divided by 92.
45
Calculate the remainder when 4937 is divided by 177.
158
Calculate the remainder when 1566 is divided by 486.
108
Calculate the remainder when 2374 is divided by 183.
178
What is the remainder when 1054571 is divided by 8937?
5
What is the remainder when 73605 is divided by 26?
25
What is the remainder when 954 is divided by 42?
30
What is t